03951
What are the prime factors of 314468378?
2, 7, 73, 113, 389
List the prime factors of 15785311.
2927, 5393
List the prime factors of 361252044.
2, 3, 59, 170081
What are the prime factors of 6042592265?
5, 1208518453
List the prime factors of 11210683.
11, 23, 73, 607
What are the prime factors of 1084651918?
2, 7, 17, 4557361
List the prime factors of 282186559.
29, 41, 237331
List the prime factors of 415350935.
5, 83070187
List the prime factors of 117386944.
2, 53, 34607
List the prime factors of 504832070.
2, 5, 37, 1103, 1237
What are the prime factors of 1848917802?
2, 3, 163, 1890509
What are the prime factors of 1488902659?
29, 41, 53, 23627
List the prime factors of 518933976.
2, 3, 11, 17, 43, 2689
What are the prime factors of 114636569?
661, 173429
What are the prime factors of 193856447?
199, 983, 991
What are the prime factors of 558904267?
127, 4400821
List the prime factors of 3057714269.
181, 16893449
List the prime factors of 215175227.
71, 557, 5441
What are the prime factors of 3168183440?
2, 5, 67, 591079
List the prime factors of 66417486.
2, 3, 47, 235523
List the prime factors of 1667275261.
1667275261
List the prime factors of 29659687.
41, 723407
What are the prime factors of 1770333596?
2, 71, 409, 15241
List the prime factors of 7637200.
2, 5, 61, 313
List the prime factors of 150093361.
11, 71, 17471
List the prime factors of 4684407.
3, 7, 13, 17159
What are the prime factors of 1921406446?
2, 151, 379, 16787
What are the prime factors of 3582080992?
2, 7, 631, 25343
List the prime factors of 862251040.
2, 5, 7, 109, 1009
List the prime factors of 43406163.
3, 4822907
What are the prime factors of 1696436955?
3, 5, 37698599
List the prime factors of 378011410.
2, 5, 7, 1657, 3259
What are the prime factors of 11004397?
11004397
What are the prime factors of 219207531?
3, 73069177
List the prime factors of 40724596.
2, 11, 925559
What are the prime factors of 947815720?
2, 5, 1571, 15083
List the prime factors of 461557074.
2, 3, 11, 1453, 4813
What are the prime factors of 1941305433?
3, 41, 1499, 10529
List the prime factors of 62615432.
2, 11, 711539
What are the prime factors of 721092771?
3, 7, 277, 5903
List the prime factors of 49174040.
2, 5, 1229351
List the prime factors of 4082361707.
4082361707
What are the prime factors of 33063952?
2, 19, 61, 1783
What are the prime factors of 1467850635?
3, 5, 17, 41, 53, 883
List the prime factors of 130516896.
2, 3, 571, 2381
List the prime factors of 1646520478.
2, 823260239
What are the prime factors of 1869188796?
2, 3, 197, 449, 587
What are the prime factors of 1612748831?
2693, 598867
What are the prime factors of 203157447?
3, 1153, 58733
List the prime factors of 114913661.
114913661
List the prime factors of 3664278327.
3, 23, 53105483
What are the prime factors of 2064934500?
2, 3, 5, 1376623
What are the prime factors of 13938512?
2, 7, 97, 1283
What are the prime factors of 544357568?
2, 71, 119797
What are the prime factors of 3356005883?
3356005883
What are the prime factors of 82101231?
3, 199, 45841
What are the prime factors of 228939201?
3, 67, 379667
What are the prime factors of 3791118683?
11, 4481, 76913
What are the prime factors of 303870445?
5, 97, 233, 2689
What are the prime factors of 1152889899?
3, 7, 43, 1276733
List the prime factors of 474021823.
11, 19, 419, 5413
List the prime factors of 484381853.
4583, 105691
What are the prime factors of 51381758?
2, 79, 325201
List the prime factors of 894814602.
2, 3, 11, 1232527
What are the prime factors of 73311454?
2, 1051, 34877
What are the prime factors of 624715636?
2, 156178909
What are the prime factors of 1050775069?
19, 55303951
What are the prime factors of 4489602770?
2, 5, 448960277
What are the prime factors of 21798449?
21798449
What are the prime factors of 8527415?
5, 13, 127, 1033
List the prime factors of 5630746.
2, 11, 211, 1213
What are the prime factors of 1073705104?
2, 599, 112031
List the prime factors of 3835461.
3, 7, 182641
What are the prime factors of 3996166043?
13103, 304981
What are the prime factors of 36615420?
2, 3, 5, 203419
What are the prime factors of 605858704?
2, 11, 3442379
What are the prime factors of 1013210106?
2, 3, 168868351
List the prime factors of 126320772.
2, 3, 47, 97, 2309
What are the prime factors of 14049985?
5, 89, 31573
List the prime factors of 12582032.
2, 31, 25367
What are the prime factors of 2203478820?
2, 3, 5, 107, 114407
What are the prime factors of 5502824758?
2, 17, 41, 3947507
What are the prime factors of 676433685?
3, 5, 71, 635149
List the prime factors of 30688821.
3, 1136623
What are the prime factors of 113923234?
2, 61, 933797
What are the prime factors of 2029961318?
2, 7, 11, 239, 7879
List the prime factors of 178243939.
178243939
List the prime factors of 1116296088.
2, 3, 479, 97103
What are the prime factors of 350592976?
2, 2683, 8167
What are the prime factors of 52872446?
2, 11, 23, 104491
List the prime factors of 1798335206.
2, 647, 1389749
What are the prime factors of 118325533?
118325533
List the prime factors of 4486427964.
2, 3, 124622999
What are the prime factors of 42856271?
2389, 17939
List the prime factors of 29917582.
2, 173, 86467
What are the prime factors of 4538435919?
3, 41, 131, 281663
List the prime factors of 60434305.
5, 3137, 3853
What are the prime factors of 98929748?
2, 239, 103483
What are the prime factors of 991063048?
2, 3221, 38461
List the prime factors of 642604545.
3, 5, 11, 1298191
What are the prime factors of 2282775520?
2, 5, 19, 31, 24223
List the prime factors of 13621796.
2, 23, 148063
List the prime factors of 368290389.
3, 122763463
List the prime factors of 872240968.
2, 131, 832291
List the prime factors of 112558199.
13, 8658323
What are the prime factors of 60198105?
3, 5, 11, 17, 1951
List the prime factors of 49368115.
5, 9873623
List the prime factors of 97901583.
3, 13, 43, 58379
List the prime factors of 10255098.
2, 3, 7, 19, 71, 181
What are the prime factors of 2330398035?
3, 5, 7, 7398089
What are the prime factors of 145083801?
3, 1277, 37871
What are the prime factors of 287647599?
3, 17, 5640149
List the prime factors of 96135342.
2, 3, 97, 165181
List the prime factors of 40115684.
2, 7, 1432703
What are the prime factors of 6718377788?
2, 1679594447
What are the prime factors of 445341688?
2, 11, 5060701
What are the prime factors of 6333155394?
2, 3, 37, 53, 538259
List the prime factors of 2499512923.
14831, 168533
What are the prime factors of 1539269412?
2, 3, 31, 37, 111833
What are the prime factors of 2033440908?
2, 3, 29, 31, 188491
What are the prime factors of 38500579?
13, 2961583
List the prime factors of 46173813.
3, 7, 59, 83, 449
What are the prime factors of 24852911?
71, 199, 1759
List the prime factors of 1886833072.
2, 53, 2225039
What are the prime factors of 122262324?
2, 3, 487, 20921
What are the prime factors of 2386055312?
2, 7489, 19913
What are the prime factors of 68026544?
2, 41, 103699
What are the prime factors of 182061283?
109, 1670287
What are the prime factors of 822024264?
2, 3, 37, 127, 197
What are the prime factors of 2926380642?
2, 3, 193, 2527099
What are the prime factors of 287829937?
287829937
List the prime factors of 545125918.
2, 14033, 19423
What are the prime factors of 67309107?
3, 22436369
What are the prime factors of 76472035?
5, 17, 899671
What are the prime factors of 1112446832?
2, 7, 317, 31333
List the prime factors of 1929323434.
2, 383, 1303, 1933
What are the prime factors of 83879966?
2, 83, 505301
List the prime factors of 515057099.
61, 97, 1427
List the prime factors of 304966985.
5, 60993397
What are the prime factors of 21530990?
2, 5, 13, 19, 23, 379
What are the prime factors of 161513008?
2, 313, 32251
List the prime factors of 1227121.
7, 175303
List the prime factors of 511942623.
3, 97, 491, 3583
List the prime factors of 649501137.
3, 3203, 22531
List the prime factors of 65134254.
2, 3, 1697, 6397
List the prime factors of 129221450.
2, 5, 43, 60103
What are the prime factors of 83317555?
5, 16663511
List the prime factors of 2440768935.
3, 5, 11, 59, 250721
List the prime factors of 4666101575.
5, 186644063
What are the prime factors of 382735212?
2, 3, 1